. What is the tens digit of m?
6
Suppose 3*x = x + 14. Let z(g) = 10*g**2 - 6*g + 24. Let i be z(x). Suppose 4*q + i = 4*t, 5*q = 4*t - 0*q - 469. What is the hundreds digit of t?
1
Suppose 16*f - 1 = 47. Suppose 5*k + f*b - 3693 = 2*b, -4*k + 2*b + 2946 = 0. What is the tens digit of k?
3
Suppose 72 = -5*t + 122. What is the units digit of 24/(-4) - (-575 + t)?
9
Let x = 41 + -25. Suppose 4*u + a = 9, -3*u + 4*a = u + x. What is the tens digit of (-3)/9*-1*123*u?
4
Let j(o) = 231*o - 7. Let a be j(2). Suppose 0 = 4*g - 5*b - 173 - a, -2*g + 320 = -b. What is the tens digit of g?
6
Let r = 1081 + 1464. Suppose d + 5*v = 521, -9*d = -14*d - 5*v + r. What is the hundreds digit of d?
5
Let i(m) = 3*m**2 + 14*m - 12. Let d(y) = -y**2 - y. Let h(c) = -4*d(c) - i(c). Let b be h(11). Suppose -b*j + 18*j = -450. What is the tens digit of j?
9
Let i be -40*(-6)/(-9)*(-18)/16. Suppose 5*o - 42 = 2*m, i = 5*o + 3*m - 32. What is the units digit of ((-396)/30)/((-3)/o)?
4
What is the hundreds digit of (3054870/60)/(9/6)?
9
Let m = 38899 - 27614. What is the tens digit of m?
8
Let p = -121 + 70. Suppose -2*v + 359 = -3*g + 135, -5*g - 105 = -v. Let r = v + p. What is the units digit of r?
4
Let b(r) = 2*r**2 + 43*r + 24. Let h be b(-21). Suppose 4*d - 2*o = 6*d + 1606, h*o = -9. Let z = -562 - d. What is the units digit of z?
8
Suppose -7*k + 37 = 2. Suppose k*w + 372 = 9*w. Let m = w - 45. What is the tens digit of m?
4
Let m(t) = 348*t + 95. Let h be m(8). Suppose 17584 + h = 19*s. What is the tens digit of s?
7
Let d = 12371 - -12361. What is the hundreds digit of d?
7
Suppose -12*n + 104370 = -29482 - 38852. What is the tens digit of n?
9
Suppose -1719802 + 35837764 = 717*b - 13782657. What is the units digit of b?
7
Let d be (1/(-2))/(2/(0 - -1480)). Let s = -173 - d. What is the hundreds digit of s?
1
Suppose -n = -4 + 1. Let j be -24 + n/6*8. What is the tens digit of (-12)/j - 914/(-10)?
9
Let r be (-6)/4*((-403)/3 - -7). What is the tens digit of r/((-10)/25 + (-136)/(-240))?
4
Let g(c) = 13*c - 49. Let t be g(4). Suppose -i + 57 = -3*a + a, t*i = -3*a + 126. What is the units digit of i?
7
Suppose -21*j - 18*j = 624. What is the units digit of (12/j)/(9/(-15624))?
2
Let q(v) = -v**2 + 4. Suppose 2*d + 2*d - 8 = 2*t, 4*t = 5*d - 13. Let f be q(t). Suppose 14*x - 12*x - 74 = f. What is the tens digit of x?
3
What is the units digit of (0 + -8)*28995/(-8)?
5
Suppose 207 = -4*r - p - 82, -147 = 2*r + p. Let q(u) = -98*u + 6. Let n be q(2). Let m = r - n. What is the units digit of m?
9
Suppose 734584 + 2197907 + 417989 = 434*q. What is the tens digit of q?
2
Let v(c) = -7*c**2 + 2. Let q be v(0). Suppose -26 = -q*w - 4*k + 8*k, 5*w = k + 38. What is the units digit of w?
7
Let b be 5 + 6/9*-6 + 3. What is the tens digit of b/(-34) + (-11)/((-1122)/137304)?
4
Let t(x) = x**2 - 20*x + 149. Let r be t(25). Suppose 0 = -5*q + p + 386, -4*q + 4*p + 22 = -r. What is the tens digit of q?
7
Suppose 0 = -5*o + 10 + 10. Let p be (-4*1212/16)/(9/(-24)). Suppose -o*j + 4*d + 644 = 0, -5*j - d + p = -3*d. What is the units digit of j?
2
Let s = 84 + -93. What is the tens digit of (-30)/135 - 1829/s?
0
Let v(g) = -g**3 - 6*g**2 - 6*g + 5. Let j be v(-5). Let m = -21 + 23. Suppose -f + 217 = -0*i + 3*i, -m*i + j = 0. What is the hundreds digit of f?
2
Let o = 454 - 154. Suppose -4*f = k - 1695, -5*f + 3*k + 2440 = o. What is the hundreds digit of f?
4
Suppose 4*i = -0*i - d + 9, -2*i + 4*d + 18 = 0. Suppose 12*t - 900 = -i*t. What is the tens digit of t?
6
Let s = 24865 + -2885. What is the units digit of s?
0
Let t = 1962 - 2817. What is the tens digit of t/30*20/(-6)?
9
Let d(b) = b**3 - 6*b**2 - b - 16. Let o be d(7). Let v = o - -33. Suppose -3*m + 92 + 67 = 3*s, 3*m = -s + v. What is the units digit of s?
0
Suppose -3*r + z + 12 = 0, -3*z - 10 = -5*r + 14. Suppose -r*k = -21 - 9. Suppose -5*f = 5*p + k, -2*f + 5*p = -38 + 7. What is the units digit of f?
3
Suppose -2*o = x - 43, 0 = 4*o + 8*x - 3*x - 95. Suppose -21*b - 1162 = -2*h - o*b, -h + 588 = -4*b. What is the units digit of h?
0
Let u(w) = 9*w - 23. Let g be (-10)/4*616/(-35). Suppose 4*r - g = -0*r. What is the units digit of u(r)?
6
Let w(g) = 2*g - 11. Let y be w(5). Let u be -2*1/6*y*402. Suppose 2*o - 118 = u. What is the hundreds digit of o?
1
Suppose 0 = 4*w - 3*z - 7, -16 = 3*w - 0*w + 2*z. What is the tens digit of (-1205)/10*6/w*2?
2
Suppose -85*q + 67*q = 126. What is the tens digit of 1369 + (3 - (q - -15))?
6
Let l = 109 + -77. Suppose -3*v - l = -4*v. Suppose -4*w - v = -2*f, -2*f - 119 = -7*f - 3*w. What is the tens digit of f?
2
Suppose 41*v - 51*v - 1139075 = -45*v. What is the hundreds digit of v?
5
Let h(w) be the third derivative of 13/24*w**4 + 11/6*w**3 + 0*w + 0 - 5*w**2 + 1/60*w**5 - 1/120*w**6. What is the units digit of h(-6)?
5
Let g be 350/15 - -2*1/3. Let o be (63/(-2))/(g/(-48)). What is the tens digit of (10/2)/(-1*(-3)/o)?
0
Let n be (4 + -4)/((-11)/((-22)/4)). Suppose -5*c = 3*v + v - 477, 2*v = c - 101. Suppose n = -f + 34 + c. What is the units digit of f?
1
Let b(s) = -2*s**2 - 4*s + 20. Let q be b(-8). Let t = q + 126. What is the tens digit of t?
5
Let f be ((-1)/3)/((-1)/9). Suppose -5*t = -20, -f*u + 4*t = 2*u - 14. Suppose k - u*k = -330. What is the tens digit of k?
6
Suppose -7188 = -9*n + 534. What is the tens digit of n?
5
Suppose 4*s + 2*t - 22 = 0, -2*s + 4*t - 4 = -0. Let c = 101 + -56. Suppose -d + c = -s. What is the tens digit of d?
4
Let r(t) = t**2 - 2*t - 12. Let a be r(-6). Let h = -82 - a. Let f = 188 + h. What is the units digit of f?
0
Let b be 6708/5 + (-33)/55. Let z = -776 + b. What is the units digit of z?
5
Let u = -48 + 43. Let n(q) be the first derivative of q**3/3 - 3*q**2/2 - 9*q + 1. What is the tens digit of n(u)?
3
Let t(c) = 2*c**2 - 47*c + 12. Let l be t(23). Let y(o) = -59*o + 31. What is the tens digit of y(l)?
8
Suppose 5*u = 7 + 13. Suppose 74 + 62 = -u*p. Let i = p - -41. What is the units digit of i?
7
Let s be 18/4*96/144. Suppose 4*f + 3384 = 5*x, -x - s*x + 2703 = f. What is the hundreds digit of x?
6
Let r = -10 + 15. Suppose r*g = -34 + 189. Suppose g = -3*v + 208. What is the tens digit of v?
5
Suppose 0 = w + 5*b - 1385, 9*b - 13*b = -5*w + 7012. Suppose 0 = -2*v + 526 + w. What is the hundreds digit of v?
9
Let y(n) be the third derivative of 13*n**5/60 + n**4/4 - 23*n**3/6 - 293*n**2. What is the hundreds digit of y(-11)?
4
Let l = -8744 + 19502. What is the units digit of l?
8
Let k = 50 + 42. Let w be ((-544)/85)/((-1)/35). Let v = w - k. What is the tens digit of v?
3
Let i(v) = -2*v**2 + 7*v - 6. Let f be i(1). What is the units digit of (-364)/f + 7 + -1?
0
Let p = 162 - 158. Suppose 8*i + 791 = 13*i + l, 4*i - 628 = p*l. What is the tens digit of i?
5
What is the tens digit of ((-14)/(-35))/((-3)/9)*296240/(-12)?
2
Let v be (-1 - -335)/((-10)/150*-10). Let p = v - -344. What is the tens digit of p?
4
Let g be ((-16)/20)/((-4)/15810). Let f be (-6)/(-18)*g/2. Let l = f - 359. What is the units digit of l?
8
Suppose 3*m = 5*r - 0*m - 62, -4*r - m + 36 = 0. Suppose -r*w = -3*w - 2856. What is the hundreds digit of w?
4
Suppose -2*m + 45 = -4*j + 9, 4*j + 3*m + 36 = 0. Let y = j - 9. What is the tens digit of 569/6 + y/(-108)?
9
Let b = -11 + 15. Let j be (2/(-3))/(b/(-132)). Suppose -3*v - 4*r = -0*r - 50, 0 = 2*v - 3*r - j. What is the tens digit of v?
1
Let j(y) be the first derivative of 56*y**2 - 4*y + 10. Let w be j(2). Let q = -143 + w. What is the tens digit of q?
7
Let d be (-1 - -664)*336/72. What is the tens digit of 2/(12/d) + 22/(-33)?
1
What is the thousands digit of 37/(555/(-510))*(0 + -107)?
3
Let x = -21 + 65. Suppose 33*h - 132 = x*h. What is the tens digit of ((-22)/((-3)/3))/(h/(-84))?
5
Let f = 1757 - 597. Suppose 10*y - f = 2170. What is the hundreds digit of y?
3
Let b(s) = 151 - s**2 - 15*s**3 + 16*s**3 + 2*s - 25 + 64. Let h be (-1)/(-6)*3 + 4/(-8). What is the tens digit of b(h)?
9
Let a = 34267 + -18265. What is the thousands digit of a?
6
Suppose -2*b - 8824 = -4*v, -3*b = 1669*v - 1670*v + 2206. What is the tens digit of v?
0
What is the units digit of 72779/6 - ((-108)/(-9))/(-72)?
0
Let h = 79 + -54. Let k be -44*18/(-1188) + (-124)/6. What is the units digit of 261/4 + h/k + 2?